der when l is divided by 3.
0
What is the remainder when 28 is divided by 70/5 - 0 - 6?
4
Let s(z) = -z**3 + 12*z**2 - 21*z + 14. Let n be s(10). Suppose 5*m + 2*a - 79 = 0, 2*a - 74 = -n*m + 4*a. What is the remainder when 84 is divided by m?
16
Calculate the remainder when 73*(2 - 4)/(-10 + 8) is divided by 31.
11
Let d(p) = -61*p + 12. What is the remainder when 134 is divided by d(-1)?
61
Suppose 2*y - 4*y = 4*w - 16, -4*y + 12 = -2*w. Suppose -j + 3*j + y*x = 78, 144 = 4*j + 4*x. What is the remainder when j is divided by 9?
6
Suppose 0 = 16*t - 25*t + 54. Calculate the remainder when 255 is divided by t.
3
Suppose 6*s = -17 + 167. What is the remainder when 99 is divided by s?
24
Calculate the remainder when 31 is divided by (0 - -3*1) + (-54 - -62).
9
Calculate the remainder when 39 is divided by 2/(-2)*(7 - 13) - 1.
4
Suppose -38*w + 4935 = 9*w. What is the remainder when 221 is divided by w?
11
Suppose u - 4*o + 6*o - 35 = 0, o = -2. Calculate the remainder when u is divided by 7.
4
What is the remainder when (15/2 + -6)*28 is divided by 41?
1
Let w(o) be the third derivative of o**5/20 - 11*o**4/12 + 5*o**3/6 + 29*o**2. What is the remainder when w(-4) is divided by 48?
45
Let f = -5 - -43. Let d(x) = x**2 + 7*x + 16. Calculate the remainder when f is divided by d(-6).
8
Let b(i) = i**3 + 22*i**2 + 34*i - 22. What is the remainder when b(-20) is divided by 17?
13
Let f(g) be the third derivative of g**5/30 - g**4/8 + 2*g**3 - 6*g**2 + 3. Calculate the remainder when f(5) is divided by 28.
19
Let l be 249 - (-3 + -3 + 4). Let a = l - 157. Suppose -8*b = -6*b - a. Calculate the remainder when b is divided by 17.
13
Suppose -40 = -14*c - 12. Suppose -c*i + 16 = 3*j - 16, -2*j = 8. What is the remainder when i is divided by 8?
6
Suppose 17*p = 19*p - 446. What is the remainder when p is divided by 57?
52
Let v = 1 - -3. Suppose -v*w - 4*h = -464, 5*h + 49 = 5*w - 521. Let n = w + -44. What is the remainder when n is divided by 18?
17
Let b(p) = -p**3 + 4*p**2 + 2*p - 4. Let c be b(3). Let d be (-3)/(2/6 - (-4 + 4)). Let x = d + c. What is the remainder when x is divided by 2?
0
Suppose 38 = -t + 15*t - 46. Let q(r) = r**3 + 5*r**2 - 8*r - 3. What is the remainder when q(-6) is divided by t?
3
Calculate the remainder when ((-18)/21)/(42/(-8820)) is divided by 14.
12
Suppose 3*j + 392 = 437. Let s = -90 - -176. What is the remainder when s is divided by j?
11
Let f(r) = 41*r + 182. Calculate the remainder when f(-2) is divided by 53.
47
Suppose -3*n + 183 = -3*s, -42 - 202 = -4*n + 3*s. Let j = n - 103. What is the remainder when (110/(-6))/(14/j) is divided by 14?
13
Suppose 4*s + 4*a - 36 = 0, 3*s - 3 - 18 = -5*a. Calculate the remainder when 38 is divided by s.
2
Suppose 7*z - 10 - 277 = 0. Let h(o) = 11*o. Calculate the remainder when z is divided by h(2).
19
Let z(w) = 64*w - 38. Calculate the remainder when z(3) is divided by 77.
0
Let x = -28 - -316. Suppose 5*b - 4*g = 514, -3*b - g = -x - 34. Calculate the remainder when b is divided by 22.
18
Let r(v) = -v**3 + 5*v**2 + 5*v - 1. What is the remainder when r(5) is divided by (-696)/580*1*-15?
6
Suppose -46*m - 4*x - 169 = -49*m, 3*x + 3 = 0. What is the remainder when m is divided by 29?
26
Let z = -11 + 11. Let f = 2 + z. Suppose -f*x + 80 = -3*v, 3*x - v = 2*v + 117. Calculate the remainder when x is divided by 10.
7
Let u be -2 + 3 + 3/(-3). Suppose -5*p + 12 + 13 = u. Suppose -3*o - 3*h + 2*h + 136 = 0, p*o - 234 = 2*h. Calculate the remainder when o is divided by 12.
10
Suppose 8*j + 120 = 3*j. Let i be ((-1)/(-1))/((119/126)/(-17)). Calculate the remainder when 73/3 - j/i is divided by 5.
3
Let m(w) = 6*w**2 + 13*w + 25. What is the remainder when m(-6) is divided by (-22)/(-8)*12/1?
31
Let j = -452 + 895. What is the remainder when j is divided by 37?
36
Suppose -144 = -6*m - 3*m. Calculate the remainder when 79 is divided by m.
15
Let g(o) = 17*o + 4. What is the remainder when g(7) is divided by (-64)/224 + 219*2/14?
30
What is the remainder when 195 is divided by (-8)/10*-69*(-25)/(-30)?
11
Let j(a) = -10*a**2 - 92*a - 1. Calculate the remainder when j(-7) is divided by 22.
21
Let k be (3 + -85)*2*(-27)/12. Suppose -k = 7*u - 16*u. Suppose j + 3*b + b = -1, 2*b + 28 = 2*j. What is the remainder when u is divided by j?
8
Suppose 3*w - 59 = 40. Let l(b) = -b + 4. Suppose -5*o - 16 = 9. What is the remainder when w is divided by l(o)?
6
Suppose 4*b - 64 = 5*f, -5*b + 5*f = 2*f - 80. What is the remainder when 25 is divided by (21/12)/(4/b)?
4
Let o be -3 + 2 + 1 + 3. Suppose 0 = -2*a + o*a - 30. Let t = 58 - a. Calculate the remainder when t is divided by 15.
13
Let b = 126 - 89. Calculate the remainder when b is divided by (5*4)/(3 - 1).
7
Suppose 9*f - 12*f = -870. Suppose -5*m + f = -5*n, -5*n = -0*m + 4*m - 196. Calculate the remainder when m is divided by 14.
12
Suppose -2*h - 3*h - 3*w + 121 = 0, -4*h - 4*w + 100 = 0. What is the remainder when 152 is divided by h?
14
Let b(k) be the first derivative of -4*k**3/3 - 3*k**2/2 + 5*k - 12. Let v be b(3). Calculate the remainder when (v/(-15))/(3/153) is divided by 23.
21
Let g be 4/24 + (-339)/(-18). Suppose -x + g = 7*i - 2*i, 4*i = -2*x + 20. Calculate the remainder when 11 is divided by x.
3
Let w(n) = -10*n - 355. What is the remainder when w(-39) is divided by 18?
17
Suppose 5 = 4*b + 3*k, 2*b - 40 = 4*k - 10. What is the remainder when 179 is divided by b?
4
Let b = -47 - -31. What is the remainder when (-633)/(-7) + b/(-28) is divided by 23?
22
Suppose 71 = 3*b - 5*x - 4, -4*b + 100 = -x. What is the remainder when b is divided by 55/3 + (-7)/21?
7
Let f be 4 - 1 - (-1 + 7). Let k be 2 - (-75)/(-2 - f). Let j = k + -32. Calculate the remainder when j is divided by 16.
13
Let q = -10 + 20. Let l = -3 + q. What is the remainder when 12 is divided by l?
5
Calculate the remainder when 164 is divided by 2 - (-4 + (-4 - -5)).
4
Let n(w) = -w + 11. Let y be n(9). Let r be y*(21/(-2) - 1). Calculate the remainder when 2*(r/(-2) + -3) is divided by 10.
7
Suppose 0 = k - 6*k + 440. Suppose 4*u = 6*s - 2*s + k, s = -5. Calculate the remainder when 64 is divided by u.
13
Suppose 76 = -a + 151. What is the remainder when a is divided by 7?
5
Let i(q) = -q**2 + 11*q. Let w be i(8). Suppose u + 4*s = 26, 4*u - 3*s = w + 4. What is the remainder when u is divided by 6?
4
Suppose 3*a - 2*a = 0. Let w = -285 + 289. Suppose -7*f = -2*f + w*h - 361, 2*f - 4*h - 150 = a. Calculate the remainder when f is divided by 19.
16
Let i(t) = 2*t**2 + 5*t - 7. Suppose 5*f - o - 7 = f, -2*f - 3*o = 7. Suppose -2*p = f - 41. What is the remainder when i(-6) is divided by p?
15
Suppose -192 = -2*y - 6*x, 3*x = -3*y - 2*x + 300. Calculate the remainder when y is divided by 54.
51
Let u = 166 - 136. What is the remainder when 116 is divided by u?
26
Let i = -48 - -63. Suppose i*w = 13*w + 30. What is the remainder when 42 is divided by w?
12
Let u = 530 - 455. Let c = -19 + 35. What is the remainder when u is divided by c?
11
Suppose 2*w + c = 13 + 10, -4*w + 2*c = -26. Calculate the remainder when 4 is divided by w/6*6/9*2.
0
Let r = -30 - -39. Let i = 39 + r. Suppose -51 = -3*o - 0*o. Calculate the remainder when i is divided by o.
14
Let r(a) = -a + 2*a**2 + 9 + 0*a + 4*a + 3*a. Let l be r(-7). Suppose 5*v - l + 15 = 0. Calculate the remainder when 37 is divided by v.
7
Let s(r) = 96*r + 580. Calculate the remainder when s(3) is divided by 10.
8
Let h = -551 - -574. Calculate the remainder when h is divided by 9.
5
Let k(t) = -44*t - 214. Suppose 0*j + 2*j - 20 = 0. What is the remainder when j is divided by k(-5)?
4
Let w = 279 + -263. What is the remainder when 78 is divided by w?
14
Suppose 4 = -o + 2*b + 17, 3*o - 84 = -3*b. Let w = 15 + o. Calculate the remainder when w is divided by ((-15)/27)/(5/30)*-6.
18
Suppose -3*d - 2 = -8. Suppose 4*i + b = 57, -2*i + 21 = -3*b + d*b. Let g = 13 + 37. What is the remainder when g is divided by i?
11
What is the remainder when -2 + 42/22 - (-15485)/209 is divided by (1 - 5)/2 - -21?
17
Let d(h) = h**2 - 8*h. Let q be d(9). Let l = -5 + q. Suppose -l*v + 32 = -16. What is the remainder when v is divided by 7?
5
Let t be -2 + 9 - (3 + -1). Suppose -t*h - 3*f = -f - 410, -2*f - 150 = -2*h. What is th